 5*p. What is y(6)?
6
Let r(y) = -7*y - 285. Determine r(-38).
-19
Let t(n) = n**3 - 6*n**2 + n - 8. Calculate t(6).
-2
Let g(l) = -2*l**2 + 31*l + 1. Give g(15).
16
Let l(d) = 7*d + 13. Determine l(-4).
-15
Let q(n) = 2*n**2 + 10*n - 3. Determine q(-6).
9
Let t(o) = o**2 + 5*o - 5. Calculate t(-8).
19
Let b(c) = -c**3 - 10*c**2 - 19*c + 1. Calculate b(-7).
-13
Let x(s) = -s**2 + 12*s - 26. What is x(10)?
-6
Let b(z) = -6*z - 16. Determine b(7).
-58
Let v(q) = q**3 - 7*q**2 + 10*q + 5. Calculate v(5).
5
Let w(s) = -2*s**3 + 13*s**2 + 6*s + 1. What is w(7)?
-6
Let i(h) = -66*h + 393. Calculate i(6).
-3
Let f(p) = -p**3 + 3*p**2 + 4*p - 2. Determine f(3).
10
Let x(w) = w**2 + 6*w + 5. Calculate x(-8).
21
Let j(n) = n**3 - 4*n**2 + 5*n - 4. Determine j(3).
2
Let s(m) = -m**2 - 2*m - 3. Determine s(-3).
-6
Let z(u) = 3*u + 4. Determine z(-3).
-5
Let d(f) = 6*f**2 + 6*f + 1. Calculate d(-1).
1
Let d(h) = -h**3 + 10*h**2 - 16*h + 4. Determine d(8).
4
Let n(u) = 19*u + 18. What is n(-1)?
-1
Let n(r) = -4*r - 92. What is n(-23)?
0
Let k(y) = y**2 - 3*y - 11. Calculate k(7).
17
Let p(b) = b**3 - 3. Give p(2).
5
Let z(n) = -4*n**2 + 18*n - 1. Determine z(4).
7
Let x(n) = n**3 - 4*n**2 - n + 3. What is x(3)?
-9
Let m(r) = -4*r + 5. Give m(4).
-11
Let q(y) = -3*y**2 - 9*y + 22. Calculate q(3).
-32
Let v(h) = -h**2 + 7*h - 1. Determine v(2).
9
Let b(s) = s**3 + s**2 + s - 25. Calculate b(0).
-25
Let l(f) = 8*f - 96. Give l(11).
-8
Let w(a) = -a**3 + 15*a**2 + a - 7. Calculate w(15).
8
Let i(l) = l**2 - 28*l - 13. Determine i(28).
-13
Let z(q) = q**3 - q**2 - q - 44. Calculate z(0).
-44
Let u(c) = 7*c - 1. What is u(13)?
90
Let m(b) = b**2 + 3*b - 23. What is m(6)?
31
Let i(c) = -c**2 - 9*c - 22. Give i(-8).
-14
Let j(w) = -2*w - 21. Give j(-15).
9
Let o(x) = -11*x. What is o(1)?
-11
Let x(i) = i**3 - 8*i**2 - 17*i + 9. Give x(10).
39
Let v(w) = 61*w - 5. Give v(-1).
-66
Let h(i) = -4*i**3 - 4*i**2 + 4*i + 6. Determine h(-2).
14
Let i(q) = 4*q - 3. What is i(4)?
13
Let s(a) = -74*a**3 - a**2 + a + 1. Determine s(1).
-73
Let z(l) = -12*l - 7. Give z(-5).
53
Let b(u) = -u**3 + 8*u**2 + 5*u + 7. What is b(9)?
-29
Let c(b) = -3*b + 29. Determine c(11).
-4
Let k(u) = -u**3 + 6*u**2 - u - 4. Calculate k(5).
16
Let s(f) = 15*f + 153. What is s(-9)?
18
Let z(j) = -j**2 + j. Give z(-4).
-20
Let g(j) = -2*j**2 - 4*j - 15. Calculate g(-6).
-63
Let v(u) = u**2 + 16*u - 18. Give v(-13).
-57
Let v(a) = -a - 17. What is v(-8)?
-9
Let j(k) = -k**2 + 4*k + 16. Give j(7).
-5
Let b(z) = 2*z**2 - 24*z - 28. Calculate b(14).
28
Let p(o) = -6*o**3 - o**2 - o. Determine p(-1).
6
Let q(c) = 2*c**2 - 14*c - 19. Calculate q(8).
-3
Let v(s) = -2*s**2 + 8*s + 7. What is v(-5)?
-83
Let y(x) = -2*x - 6. Calculate y(-11).
16
Let l(s) = s**3 - 20*s**2 - s + 24. What is l(20)?
4
Let s(y) = -3*y + 31. What is s(-10)?
61
Let l(c) = 55*c + 1. Calculate l(-1).
-54
Let z(g) = g**3 - 5*g**2 - 47. Calculate z(6).
-11
Let k(r) = 5*r - 29. Calculate k(5).
-4
Let x(p) = p**3 - 6*p**2 + 3*p - 5. Calculate x(4).
-25
Let r(h) = -h**3 - 4*h**2 - 8*h - 11. Give r(-5).
54
Let o(g) = -g**2 + 21*g + 33. Calculate o(23).
-13
Let k(n) = -n**2 - 9*n + 39. Calculate k(-13).
-13
Let b(q) = 2*q**2 + 2*q - 2. Determine b(1).
2
Let n(y) = 2*y**3 + 4*y + 1. Determine n(3).
67
Let a(b) = -9*b + 5. What is a(1)?
-4
Let u(a) = 17*a + 80. Determine u(-4).
12
Let b(j) = j**3 - 26*j**2 + 26*j - 31. Calculate b(25).
-6
Let l(j) = -j**3 - 7*j**2 - 4*j - 5. Calculate l(-6).
-17
Let b(k) = 3*k**3 + 13*k**2 + 6*k - 4. What is b(-4)?
-12
Let j(m) = m**3 + 22*m**2 + 59*m + 51. Determine j(-19).
13
Let p(x) = 2*x - 22. Determine p(8).
-6
Let a(p) = 7*p - 12. What is a(11)?
65
Let c(q) = -q**3 - 25*q**2 - 3*q - 80. Determine c(-25).
-5
Let u(c) = 3*c - 1. Give u(1).
2
Let b(z) = -z**3 + 6*z**2 + 11*z + 2. Calculate b(8).
-38
Let u(i) = i**3 - 11*i**2 - 11. Give u(11).
-11
Let v(m) = m - 8. Give v(18).
10
Let n(c) = -c**3 + 2*c**2 + c - 1. Determine n(-1).
1
Let p(g) = -g**2 - 3*g - 21. Give p(8).
-109
Let m(v) = 2*v - 23. Give m(15).
7
Let z(m) = m - 9. Determine z(0).
-9
Let k(a) = -a**2 - 35*a - 76. Give k(-32).
20
Let i(q) = q**3 + 15*q**2 + 26*q - 5. Calculate i(-13).
-5
Let l(p) = 13*p + 77. Determine l(-5).
12
Let t(d) = 5*d**2 + 17*d - 5. Calculate t(-4).
7
Let w(o) = o**3 + 7*o**2 + o + 3. Determine w(-5).
48
Let g(j) = j**2 + 22*j - 21. What is g(-16)?
-117
Let t(m) = m**3 - 8*m**2 + 8*m + 8. Calculate t(7).
15
Let q(l) = -2*l**2 + 5*l + 1. What is q(6)?
-41
Let m(z) = -2*z**3 + 3*z**2 + 2*z - 4. Calculate m(2).
-4
Let t(y) = -5*y + 99. Calculate t(18).
9
Let z(j) = -j**3 - 23*j**2 - 22*j - 3. What is z(-22)?
-3
Let q(b) = -b**3 + 10*b**2 - 8*b + 7. Give q(9).
16
Let k(h) = -2*h**3 + h**2 + 1. Give k(-2).
21
Let u(r) = r**3 + 4*r**2 + 3*r + 1. Give u(-1).
1
Let r(z) = 4*z**2 - 11*z - 21. What is r(-3)?
48
Let k(b) = 3*b - 2. What is k(-2)?
-8
Let a(u) = u**2 + 3*u + 15. Give a(-4).
19
Let g(o) = 47*o - 12. Determine g(1).
35
Let k(m) = -m**2 - 7*m - 5. What is k(-3)?
7
Let h(k) = -k**2 - 14*k + 12. Calculate h(-12).
36
Let z(b) = b**3 + b**2 - b + 13. What is z(0)?
13
Let i(d) = 42*d + 1. Give i(-2).
-83
Let n(k) = k**2 - 3*k - 4. What is n(5)?
6
Let f(h) = -30*h**3 - 1. What is f(-1)?
29
Let m(a) = -6*a. Determine m(-1).
6
Let v(d) = d**3 - 25*d**2 - 24*d - 52. Determine v(26).
0
Let v(b) = b**3 + 12*b**2 - 2*b - 14. What is v(-12)?
10
Let y(g) = g**3 + 4*g**2 - 6*g - 6. What is y(-5)?
-1
Let n(a) = a**3 + 19*a**2 + a - 42. Give n(-19).
-61
Let s(h) = -h**3 - 10*h**2 - 16*h - 11. Give s(-8).
-11
Let p(x) = 2*x**3 + 3*x**2 - 7*x - 6. Give p(-4).
-58
Let z(u) = -u**2 - 10*u - 6. Calculate z(-7).
15
Let f(m) = -87*m + 785. Calculate f(9).
2
Let j(y) = y**2 + 6*y - 6. Calculate j(-7).
1
Let p(o) = -9*o - 3. Calculate p(-5).
42
Let m(s) = -4*s + 1. What is m(-1)?
5
Let s(a) = 5*a - 46. What is s(10)?
4
Let y(c) = -c**3 + 2*c**2 + 13. Give y(3).
4
Let v(y) = 3*y**2 + y - 10. Calculate v(-3).
14
Let q(z) = -z**2 + 12*z - 25. What is q(6)?
11
Let i(t) = -5*t - 4. Give i(2).
-14
Let g(b) = 17*b - 14. Determine g(1).
3
Let q(a) = 5*a + 168. Calculate q(-33).
3
Let x(i) = -i**3 - 4*i**2 + i + 7. Determine x(-2).
-3
Let x(h) = h**3 + 54*h**2 + 102*h - 110. Give x(-52).
-6
Let r(x) = x + 16. What is r(-9)?
7
Let t(g) = 2*g - 3. Give t(3).
3
Let y(m) = 2*m**2 - 3. Determine y(-5).
47
Let l(d) = 43*d - 106. Calculate l(3).
23
Let y(c) = -c - 43. Give y(-11).
-32
Let m(l) = -l**3 + 9*l**2 + 10*l + 13. Calculate m(10).
13
Let w(s) = 20*s - 228. What is w(12)?
12
Let k(m) = 3*m**2 + 3*m - 1. What is k(-2)?
5
Let m(d) = -d**3 + 7*d**2 - 6*d + 5. Give m(6).
5
Let d(p) = -8*p - 3. Calculate d(5).
-43
Let d(y) = -3*y**2 - 4*y - 18. Give d(-4).
-50
Let w(u) = 11*u - 83. Calculate w(7).
-6
Let x(f) = -f + 5. What is x(-20)?
25
Let i(t) = -t**2 - t - 5. What is i(0)?
-5
Let a(w) = -12*w + 11. Determine a(4).
-37
Let n(p) = 2*p**2 + 15*p - 10. Give n(-10).
40
Let v(r) = 5*r**2 + 10*r - 11. Give v(3).
64
Let c(q) = 2*q**2 + 8*q - 3. What is c(-5)?
7
Let q(u) = u**3 - 15*u**2 + 13*u + 11. Determine q(14).
-3
Let f(i) = -4*i + 50. Determine f(11).
6
Let t(c) = -c**3 + 3*c**2 - 6*c + 5. Give t(4).
-35
Let c(t) = t**2 + 3*t + 4. Calculate c(-2).
2
Let z(w) = -w**2 + w - 3. Calculate z(3).
-9
Let z(c) = c**3 - 3*c**2 - 3*c + 5. Calculate z(2).
-5
Let h(a) = -12*a - 21. Give h(-2).
3
Let f(b) = b**3 + 9*b**2 + 31*b + 173. Calculate f(-8).
-11
Let w(b) = b**3 - 3*b**2 - 8*b - 5. What is w(4)?
-21
Let k(b) = 7*b**2 + 10*b + 1. What is k(-1)?
-2
Let o(l) = -l**3 - 12*l**2 + 14*l + 6. Calculate o(-13).
-7
Let o(b) = b**3 - 15*b**2 - 17*b + 9. What is o(16)?
-7
Let t(x) = x**3 - 27*x**2 + 25*x + 12. Calculate t(26).
-14
Let u(c) = c**2 + 5*c + 2. Give u(-6).
8
Let v(t) = t**3 + 8*t**2 + 4*t + 17. What is v(-8)?
-15
Let v(c) = c**2 + 40*c + 148. What is v(-36)?
4
Let a(t) = 6*t + 4. What is a(7)?
46
Let c(a) = -a + 2. What is c(3)?
-1
Let u(p) = 7*p + 21. Determine u(-6).
-21
Let s(c) = -48*c + 179. Give s(4).
-13
Let w(l) = l**3 - 6*l**2 + 1. Determine w(6).
1
Let v(q) = q**2 - 4*q + 3. What is v(6)?
15
Let w(o) = 12*o. Calculate w(1).
12
Let f(a) = -a**3 - 4*a**2 - 3*a - 5. Calculate f(-4).
7
Let m(p) = p**3 - 23*p**2 - 47*p - 80. Calculate m(25).
-5
L